5 (base 6) in base 14?
38b3b1
-5d6e9 (base 16) to base 14
-9d677
What is -69495 (base 15) in base 4?
-1101310331
Convert -417220 (base 9) to base 12.
-bb660
Convert 2b27b (base 14) to base 6.
2145433
What is 21011122210 (base 3) in base 6?
3005333
-39152 (base 13) to base 16
-19cdc
66052 (base 12) to base 15
29e4b
Convert -1202211 (base 7) to base 8.
-450767
Convert -10011100100101100010101 (base 2) to base 3.
-100122200110010
199a13 (base 13) to base 7
5344344
What is -2325005 (base 9) in base 12?
-507395
Convert -1557154 (base 8) to base 4.
-1231321230
Convert -830413 (base 9) to base 8.
-1701573
What is -2004055 (base 7) in base 11?
-151931
-45848 (base 14) to base 10
-169016
354403202 (base 6) to base 7
110404046
Convert 914418 (base 10) to base 4.
3133033302
-1509867 (base 10) to base 14
-2b4359
Convert 47358e (base 16) to base 9.
8702535
What is -651511 (base 8) in base 12?
-a6149
-3748c (base 14) to base 10
-135364
14050422 (base 7) to base 9
2410876
112210222202 (base 3) to base 10
291593
15736544 (base 8) to base 9
6776828
-143a5 (base 15) to base 7
-360242
Convert -220321310 (base 5) to base 7.
-11026545
-441ae (base 15) to base 9
-358742
What is 1110011111000011000 (base 2) in base 15?
95983
Convert -304030143 (base 5) to base 13.
-34394b
What is 110021120202211 (base 3) in base 8?
30713152
Convert -8383185 (base 9) to base 7.
-53052311
-10202021001010 (base 3) to base 11
-1141504
-403805 (base 12) to base 15
-14bbce
225648 (base 10) to base 15
46cd3
What is 220181 (base 10) in base 9?
365025
-101553302 (base 6) to base 15
-250245
6875868 (base 9) to base 3
20222112222022
Convert 110202201212112 (base 3) to base 6.
401234022
-123221002 (base 4) to base 3
-12202022021
What is -1102555 (base 6) in base 10?
-55079
-3025345 (base 10) to base 7
-34500151
What is -14c8a4a (base 14) in base 2?
-100110110001111000101010
Convert -1101010101000010 (base 2) to base 9.
-82800
29edd1 (base 15) to base 5
1004242441
What is -35554255 (base 6) in base 7?
-12341420
What is 1391a69 (base 11) in base 12?
9726b7
2054302 (base 6) to base 4
120212132
What is 11101111010000000011 (base 2) in base 14?
1b71bd
Convert 10011111001100111100010 (base 2) to base 7.
62225102
What is -9605b0 (base 12) in base 3?
-11110010211120
What is 431311 (base 10) in base 7?
3444316
What is 1111022 (base 13) in base 14?
9a1800
What is 1916a (base 12) in base 10?
36514
511242 (base 6) to base 3
2001112122
Convert -b0bd (base 16) to base 11.
-30aa2
582511 (base 9) to base 13
c318a
Convert 619a02 (base 11) to base 5.
223303023
What is -186386 (base 9) in base 11?
-7a366
Convert -100000110010100110001100 (base 2) to base 9.
-17151256
What is -21001020101 (base 3) in base 4?
-201312322
-3320302 (base 6) to base 10
-165998
What is -3260263 (base 7) in base 13?
-110758
What is -46ac62 (base 13) in base 14?
-31a680
What is -21341501 (base 6) in base 4?
-2123020231
8195238 (base 10) to base 16
7d0ca6
What is 212020122011 (base 3) in base 12?
1a094a
Convert -16b70e (base 16) to base 15.
-1e6139
What is -5087113 (base 9) in base 8?
-12266411
Convert 121221211 (base 3) to base 13.
581b
What is -103317 (base 10) in base 4?
-121032111
11101000010000101 (base 2) to base 7
1003461
Convert 2d8ba7 (base 14) to base 12.
65163b
What is 26def0 (base 16) in base 13?
6b267c
What is 210202332 (base 4) in base 8?
444276
What is -325404124 (base 6) in base 12?
-1b69644
What is 3651251 (base 7) in base 4?
1301311133
What is 1011001110111011111111 (base 2) in base 6?
143041103
-287a32 (base 15) to base 6
-105442132
Convert 500514 (base 6) to base 11.
27399
What is -138881 (base 9) in base 6?
-1454501
2378b (base 13) to base 7
360352
What is 6eba2 (base 15) in base 14?
92c31
What is 25f3 (base 16) in base 8?
22763
Convert -1010101011101000011110 (base 2) to base 14.
-52c674
What is -5747 (base 15) in base 14?
-6a69
-1138989 (base 10) to base 5
-242421424
12221431 (base 5) to base 15
24a7b
Convert 476598 (base 11) to base 9.
1371171
-26105 (base 7) to base 4
-1230002
What is -21545454 (base 7) in base 6?
-103512340
840756 (base 11) to base 8
5110450
What is -11f4b8 (base 16) in base 2?
-100011111010010111000
Convert -68921 (base 16) to base 14.
-b2145
40a081 (base 14) to base 3
11002200211010
What is -4251aa (base 11) in base 13?
-1aa8c1
Convert -1010111111100111 (base 2) to base 5.
-2420111
What is -127ac3 (base 15) in base 8?
-3303633
Convert -144f5 (base 16) to base 13.
-2bb32
-eb4a4 (base 16) to base 5
-221314443
Convert 17305 (base 9) to base 15.
37e2
Convert -400541 (base 6) to base 11.
-21583
What is -1100210001 (base 4) in base 14?
-88385
-4133132 (base 5) to base 10
-67917
-274b78 (base 12) to base 13
-19a660
31781663 (base 9) to base 16
ea2efb
Convert -3a26 (base 14) to base 13.
-4868
Convert -1d3d9 (base 14) to base 3.
-10210200212
43643 (base 9) to base 16
711c
10010101000100110011110 (base 2) to base 10
4884894
-111110110011000001001 (base 2) to base 14
-3b7c93
-40859 (base 11) to base 10
-59596
What is 12122023 (base 5) in base 11?
78729
What is 2300111 (base 6) in base 15?
2488d
22043 (base 7) to base 2
1010110001111
fc4d (base 16) to base 10
64589
What is 482972 (base 14) in base 8?
11320270
What is 45aa9 (base 15) in base 6?
4430440
What is 12000044 (base 6) in base 16?
5b21c
Convert 553241 (base 6) to base 8.
132031
Convert -30134442 (base 5) to base 8.
-724575
9c392 (base 14) to base 10
379388
What is 718118 (base 11) in base 5?
243342121
1210211022000 (base 3) to base 6
32333130
What is -11001012112022 (base 3) in base 9?
-4035468
What is 8ebaf7 (base 16) in base 12?
317121b
Convert 310541 (base 12) to base 2.
10111011100000000001
Convert 16431543 (base 7) to base 4.
12013232013
Convert 10412343204 (base 5) to base 12.
3a02064
-2406645 (base 8) to base 2
-10100000110110100101
92564a (base 11) to base 5
340024201
Convert -10101011000000111000101 (base 2) to base 5.
-2413310111
What is 6d4154 (base 16) in base 10?
7160148
Convert -513113 (base 7) to base 15.
-1adee
-2310101210 (base 4) to base 13
-1cb134
Convert 3cac33 (base 14) to base 8.
10015755
Convert 100253 (base 9) to base 4.
32131323
1128447 (base 10) to base 13
306828
What is -20333011020 (base 4) in base 14?
-454600
Convert 74140 (base 13) to base 7.
1530100
Convert 946ac8 (base 13) to base 4.
31033121011
Convert -314102 (base 7) to base 2.
-1101001111100101
-1106605 (base 12) to base 15
-441bd8
-220340440 (base 5) to base 13
-273241
140574 (base 9) to base 5
10221030
What is 2e73c (base 15) in base 12?
72a70
-4765355 (base 8) to base 14
-25d9b7
Convert 1131144333 (base 5) to base 10.
2599968
-38415 (base 10) to base 16
-960f
-101020010222111 (base 3) to base 4
-110233000102
What is -15452503 (base 8) in base 7?
-42160154
What is -5a58a8 (base 12) in base 13?
-3c2276
35bd9b (base 14) to base 5
432312141
241c16 (base 13) to base 7
10214264
6270364 (base 9) to base 10
3352972
91311 (base 13) to base 12
1063b3
Convert -83314 (base 10) to base 3.
-11020021201
1111020122111 (base 3) to base 14
168994
Convert 5f818 (base 16) to base 2.
1011111100000011000
101100101101110110001 (base 2) to base 4
11211232301
-275832 (base 15) to base 9
-3503112
What is 400356 (base 11) in base 13?
19754a
Convert -41507 (base 11) to base 2.
-1110110001011011
Convert -2115333 (base 8) to base 14.
-10972b
Convert 1807723 (base 9) to base 15.
14e1b9
Convert 5771570 (base 11) to base 14.
14a8dc2
What is -365a9aa (base 11) in base 3?
-102222120020021
-905745 (base 10) to base 5
-212440440
What is 101221012000221 (base 3) in base 16?
58a7eb
Convert a7a85 (base 16) to base 9.
1256007
588861 (base 9) to base 6
11332044
Convert -121000221 (base 3) to base 4.
-2312221
-2044003230 (base 5) to base 15
-5989b0
Convert 101000010000100100000 (base 2) to base 6.
44135224
229a2bb (base 12) to base 4
121131120233
What is -44d4c (base 15) in base 9?
-363360
Convert 20b55b (base 12) to base 7.
4253432
Convert 312424002 (base 5) to base 13.
364890
Convert 67267 (base 11) to base 7.
554123
-10424023 (base 5) to base 3
-11200201210
What is 539dd (base 16) in base 3?
122101210221
What is -133001402 (base 5) in base 12?
-284b46
What is 2d350 (base 15) in base 2?
100011100111010011
What is -211020 (base 10) in base 11?
-1345a7
Convert -2102032220 (base 4) to base 15.
-bc70